3
Let r(x) = -17*x - 96. What is the remainder when 41 is divided by r(-7)?
18
What is the remainder when 382 is divided by (-86)/(-5 + (0 - -3))?
38
Let q(y) = -y**2 - 88*y - 1624. Let d = 23 + -12. Calculate the remainder when q(-29) is divided by d.
10
Let k = -445 - -471. Calculate the remainder when 150 is divided by k.
20
Let c = -705 + 769. Calculate the remainder when c is divided by 32.
0
Let n(u) = -u**2 - 3*u - 2. Suppose 4*m + 5 = -7. Let x be n(m). Let w = 5 + x. What is the remainder when w is divided by 1?
0
Suppose 50*w - 49*w - 107 = -4*u, 4*u + 439 = 5*w. What is the remainder when w is divided by 16?
11
Let i(h) = 24*h - 25. Let p(r) = 48*r - 49. Let d(l) = -13*i(l) + 6*p(l). Calculate the remainder when d(-5) is divided by 22.
19
Calculate the remainder when 33 is divided by -8*(-24)/64 + 1.
1
Calculate the remainder when (2 + -1150)/(-1) + (-6 - 2) is divided by 8.
4
What is the remainder when (-67 - (5 + -1))/(1 - 2) is divided by 60/80 + (-61)/(-4)?
7
Let f(y) = 5*y**2 - 8*y - 3. Let j(g) = 4*g**2 - 9*g - 4. Let s be 8/10*70/(-28). Let d(b) = s*f(b) + 3*j(b). What is the remainder when d(7) is divided by 2?
1
Let c(s) = 10*s**3 + 2*s**2 + 2*s - 2. Let k be c(1). Let d(h) = h - 9. Calculate the remainder when 10 is divided by d(k).
1
What is the remainder when 175 is divided by (-23)/690*5 + (-367)/(-6)?
53
Suppose -f + 1902 = 5*f. What is the remainder when f is divided by 27?
20
Let g = -8 - -10. Let d = 3 - g. Calculate the remainder when 22 is divided by d/(-2)*2 + 6.
2
Let l be (2 + -5)/((-6)/4). Suppose 2*i + 3*i - 5*u = 195, -l*u - 2 = 0. Calculate the remainder when i is divided by 10.
8
Suppose 39 + 495 = 3*r - s, 0 = r + s - 174. Suppose -4*v - 2*t = -r - 69, 261 = 4*v - 3*t. Let a = 74 + -58. Calculate the remainder when v is divided by a.
15
Suppose k + k + 3*d = 47, -51 = -3*k + 2*d. Calculate the remainder when k is divided by 12.
7
Suppose 16 = 5*y - 14. Let l be ((18/(-4))/3)/((-15)/30). Let v(z) = 2*z**3 - 3*z**2 - 4*z + 7. Calculate the remainder when v(l) is divided by y.
4
Suppose 0 = -3*h + 2*y + 326, 0 = 4*h - 4*y - 359 - 73. Calculate the remainder when 440 is divided by h.
0
Suppose -3 = -2*m - y + 2*y, -2*m - y - 7 = 0. Calculate the remainder when m/(-3*3/261) is divided by 15.
14
Calculate the remainder when 765 is divided by 1 + 7 - -2*14/7.
9
Calculate the remainder when (-8)/(-6)*(-5)/(50/(-255)) is divided by (-2)/(-4) - (-52)/8.
6
Let d(g) = 6*g - 8 + 18*g**2 + 2*g**3 + 0*g**3 - 21*g**2. Calculate the remainder when d(3) is divided by 19.
18
Let o(b) be the first derivative of -b**2 + 28*b - 11. Calculate the remainder when 39 is divided by o(11).
3
Let r = 18857 + -18828. Suppose -3*o - 2*v + 21 = -3*v, 2*v = 0. What is the remainder when r is divided by o?
1
Let t(w) = w - 6. Suppose 3*b + 3*j - 48 = 0, 5*b + 4*j = 4*b + 31. What is the remainder when 17 is divided by t(b)?
2
Suppose -13*l + 789 = 48. Calculate the remainder when l is divided by 9.
3
Suppose 0 = 7*h - 107 - 110. Calculate the remainder when 152 is divided by h.
28
Let v = -87 - -139. Let l = 2611 - 2597. Calculate the remainder when v is divided by l.
10
Let t = 180 + -107. What is the remainder when t is divided by 37?
36
Let s = 54 + -11. What is the remainder when s is divided by 15?
13
Let b(n) = n**2 - 49*n - 1104. Let z be 3/(6/8 + 0). Suppose -4*i + z*v + 32 = -0*v, 4*i - 2*v = 26. What is the remainder when b(66) is divided by i?
3
Suppose -25*o = -3*o - 88. Calculate the remainder when 51 is divided by o.
3
Let w be 2 - -128 - (-2 + 1). Suppose 3*q = 3*r - 69, -r - 4*r + q = -w. What is the remainder when r is divided by 13 - 0 - (0 - 1)?
13
Suppose -7*a + 2*a - 4*q + 14 = 0, 6 = 5*a - 4*q. Suppose a*r - 20 + 4 = 0. Calculate the remainder when r is divided by 5.
3
Suppose 70 - 330 = -10*d. Calculate the remainder when 72 is divided by d + (-2)/(-4)*-2.
22
Suppose 5*k = -4*t + 52, 14*t = 10*t - 4*k + 52. What is the remainder when 129 is divided by t?
12
Let q(s) = 4*s + 8. Suppose 0*t = -2*t - 10. Let l be q(t). Let k = -7 - l. Calculate the remainder when 8 is divided by k.
3
Let r(d) be the third derivative of d**5/60 - d**4/8 + 13*d**3/6 + 14*d**2. What is the remainder when 50 is divided by r(4)?
16
Suppose -258 = 10*q - 4178. Suppose -2*a + 24 = -q. Calculate the remainder when a is divided by 21.
19
Suppose 6*b - 6 = 3*b, -b = 4*t + 78. Suppose 4*k - 40 = 4*v, -5*k - 139 + 39 = 5*v. Let w = v - t. What is the remainder when 7 is divided by w?
2
Let s = 38 - 27. Calculate the remainder when 14 is divided by s.
3
Let s(x) be the first derivative of -3*x**2/2 + 6*x - 10. Calculate the remainder when s(-3) is divided by 5.
0
Suppose 4*y - r - 2*r = 179, 0 = -5*r + 15. Let s(f) = 23*f**2 + f. What is the remainder when y is divided by s(1)?
23
Suppose 0 = 2*s - 3*h + 6*h - 166, 0 = 4*s - 2*h - 332. Calculate the remainder when s is divided by (-2 + -5)*3/(-1).
20
Suppose -7*c = -12*c - 15. Let v(t) = t**2 - 4*t. What is the remainder when 81 is divided by v(c)?
18
Suppose m - 75 = -2*o, -9*o - 4*m = -4*o - 186. Let j = 67 - o. What is the remainder when j is divided by 11?
7
Let o(g) = -g**2 + 3*g + 55. Let f(n) = -n**2 - 6*n + 8. Let i be f(0). What is the remainder when o(i) is divided by 4?
3
Let b(i) = -89*i + 650. Calculate the remainder when 1078 is divided by b(7).
25
Suppose g = -4*y + 287 - 8, 6*y - 2*g - 408 = 0. Calculate the remainder when y is divided by 16.
5
Suppose 4*k - 7 - 69 = 0. What is the remainder when 3*-11*30/(-18) is divided by k?
17
Suppose 12*t = 8*t + 532. Let p = t + -100. Calculate the remainder when p is divided by 5.
3
Let z = 136 - 95. Calculate the remainder when 325 is divided by z.
38
Let f(r) = 22*r - 610. What is the remainder when 81 is divided by f(30)?
31
Let x be ((0 + -250)/1)/(-2). Suppose 0 = 6*a - a - x. What is the remainder when 122 is divided by a?
22
Let r(q) = -8*q. Let k = 0 - 4. Let j be r(k). Calculate the remainder when 46 is divided by ((-4)/(-8))/(1/j).
14
Suppose -x + 19 = 2*n, 7*x - 37 = -4*n + 4*x. What is the remainder when 140 is divided by 2/n - 2*1195/(-50)?
44
Let j = 30 - 10. Let q be 149 + 3 + (1 - 1). Suppose 4*p = 2*p + q. Calculate the remainder when p is divided by j.
16
Let r(y) = 7 - y**3 + y**2 + y**2 - 2 - 5*y - 1. Let g be r(4). What is the remainder when (g/6)/((-4)/6) is divided by 5?
2
Suppose -4*x + 9 + 7 = 0. Suppose 0*b + x*b = 28. Let h(m) = -m**2 - 6*m - 3. What is the remainder when b is divided by h(-4)?
2
Let n(j) = -j**3 - 9*j**2 - 21*j + 15. What is the remainder when n(-7) is divided by 34?
30
Suppose 0 = 2*x - x. Suppose 2*d - 8 = x, 4*h - 57 - 35 = 2*d. What is the remainder when h is divided by 13?
12
Suppose -b + 0*b = -108. Suppose 2*o - 22 = b. Let g(v) = v**2 - v - 3. What is the remainder when o is divided by g(-4)?
14
Suppose 5*c - 74 = -19. Let x(t) = t**3 - 5*t**2 - 9*t - 7. Let d be x(7). What is the remainder when (21/14)/(2/d) is divided by c?
10
Suppose 29*t - 42 = 103. Let j = 14 + -10. What is the remainder when t is divided by j?
1
Suppose 2*h + 4*f = 114, 6*h - 8*h = -2*f - 102. Calculate the remainder when 163 is divided by h.
4
Suppose -3*v - 138 = b - 485, -3*v - 5*b = -331. What is the remainder when v is divided by 36?
9
Let h be ((-8)/5)/((-4)/10). Let b(j) = -j**2 + 5*j - 4. Let v be b(h). Suppose 4*d = -v*d + 404. Calculate the remainder when d is divided by 26.
23
Suppose 5*y - 471 - 119 = 0. Let n(c) = c**2 + 65*c + 447. What is the remainder when y is divided by n(-58)?
36
Let i = -37 - -77. Suppose -348 = -3*l + x, 591*l - 592*l = -4*x - 94. Calculate the remainder when l is divided by i.
38
Let q be 3/(-2) + 29322/(-36). What is the remainder when 28 is divided by ((q/(-20))/6)/((-6)/(-15))?
11
Let f(m) = 81*m**2 + 2*m - 1. Calculate the remainder when f(1) is divided by 2*21/(-28)*-14.
19
Suppose -4*u - 5*f = -0*u - 392, 0 = 2*f. Let k = 127 - u. What is the remainder when 109 is divided by k?
22
Let o = -8 + 11. Suppose r + 0*r = o. Suppose 194 = 3*f - r*g + 2*g, -3*g + 3 = 0. Calculate the remainder when f is divided by 22.
21
Let i(q) = -7*q - 10. Let d be i(-4). Suppose -w + 1 = n - d, -n = 4*w - 19. What is the remainder when 52 is divided by n?
14
Let p(m) = -3 + 0*m - 2 - 2*m**